{"id":1257,"date":"2024-01-29T10:48:13","date_gmt":"2024-01-29T08:48:13","guid":{"rendered":"https:\/\/fashionedproject.eu\/eco-design-challenge\/"},"modified":"2025-12-03T15:11:31","modified_gmt":"2025-12-03T13:11:31","slug":"eco-design-challenge","status":"publish","type":"page","link":"https:\/\/fashionedproject.eu\/es\/eco-design-challenge\/","title":{"rendered":"Reto de Ecodise\u00f1o"},"content":{"rendered":"<!--themify_builder_content-->\n<div id=\"themify_builder_content-1257\" data-postid=\"1257\" class=\"themify_builder_content themify_builder_content-1257 themify_builder tf_clear\">\n    \t\t\t\t<!-- module_row -->\n\t\t<div  data-css_id=\"r5o6581\" data-lazy=\"1\" class=\"module_row themify_builder_row fullwidth tb_r5o6581 tb_first tf_w tf_clearfix\">\n\t\t\t\t\t<div class=\"row_inner col_align_top tb_col_count_1 tf_box tf_rel\">\n\t\t\t\t\t<div  data-lazy=\"1\" class=\"module_column tb-column col-full tb_2zyd581 first\">\n\t\t\t\t\t\t\t\t\t<div class=\"tb-column-inner tf_box tf_w\">\n\t\t\t\t<!-- module image -->\n<div  class=\"module module-image tb_l61b129   image-top auto_fullwidth tf_mw\" data-lazy=\"1\">\n        <div class=\"image-wrap tf_rel tf_mw\">\n\t\t    <img loading=\"lazy\" decoding=\"async\" width=\"1600\" height=\"344\" src=\"https:\/\/fashionedproject.eu\/wp-content\/uploads\/2025\/12\/sp-2.png\" class=\"wp-post-image wp-image-3838\" title=\"sp (2)\" alt=\"sp (2)\" srcset=\"https:\/\/fashionedproject.eu\/wp-content\/uploads\/2025\/12\/sp-2.png 1600w, https:\/\/fashionedproject.eu\/wp-content\/uploads\/2025\/12\/sp-2-300x65.png 300w, https:\/\/fashionedproject.eu\/wp-content\/uploads\/2025\/12\/sp-2-1024x220.png 1024w, https:\/\/fashionedproject.eu\/wp-content\/uploads\/2025\/12\/sp-2-768x165.png 768w, https:\/\/fashionedproject.eu\/wp-content\/uploads\/2025\/12\/sp-2-1536x330.png 1536w\" sizes=\"auto, (max-width: 1600px) 100vw, 1600px\" \/>\t\n\t\t<\/div>\n\t<!-- \/image-wrap -->\n    \n    \t<\/div>\n<!-- \/module image -->\t\t\t\t<\/div><!-- .tb-column-inner -->\n\t\t\t\t\t\t<\/div><!-- .module_column -->\n\t\t\t\t\t\t<\/div><!-- .row_inner -->\n\t\t<\/div><!-- .module_row -->\n\t\t\t\t\t\t\t\t<!-- module_row -->\n\t\t<div  data-css_id=\"4np2975\" data-lazy=\"1\" class=\"module_row themify_builder_row fullwidth tb_4np2975 tf_w tf_clearfix\">\n\t\t\t\t\t<div class=\"row_inner col_align_top tb_col_count_2 tf_box tf_rel\">\n\t\t\t\t\t<div  data-lazy=\"1\" class=\"module_column tb-column col4-3 tb_y3f6975 first\">\n\t\t\t\t\t\t\t\t\t<div class=\"tb-column-inner tf_box tf_w\">\n\t\t\t\t<!-- module text -->\n<div  class=\"module module-text tb_l7ya320   \" data-lazy=\"1\">\n        <div  class=\"tb_text_wrap\">\n    <p style=\"text-align: left;\">El proyecto ha llevado a cabo un reto dirigido a j\u00f3venes con esp\u00edritu emprendedor, en el que han participado estudiantes de las instituciones socias que presentaron ideas innovadoras en ecodise\u00f1o textil.<\/p>\n<p style=\"text-align: left;\">Los autores de las propuestas ganadoras recibieron una formaci\u00f3n espec\u00edfica en planes de negocio, orientada a desarrollar los conocimientos y habilidades necesarios para crear empresas de moda sostenibles y exitosas que integren principios de ecodise\u00f1o.<\/p>\n<p style=\"text-align: left;\">Gracias a esta formaci\u00f3n, los participantes completaron sus planes de negocio y presentaron sus proyectos finales.<\/p>\n<p style=\"text-align: left;\">Los proyectos ganadores del reto se dieron a conocer durante la Conferencia Final, celebrada el 16 de septiembre en Alcoy, y han recibido el apoyo personalizado para llevar sus ideas a la pr\u00e1ctica, contribuyendo as\u00ed a transformar propuestas innovadoras en negocios reales y sostenibles.<\/p>\n<p style=\"text-align: left;\"><strong>Bases del reto \u00a0<\/strong><a href=\"https:\/\/fashionedproject.eu\/wp-content\/uploads\/2024\/11\/Fashion.ED_WP4_Rules-of-the-Competition.pdf\" target=\"_blank\" rel=\"noopener\">Descargar PDF<\/a><\/p>    <\/div>\n<\/div>\n<!-- \/module text --><!-- module buttons -->\n<div  class=\"module module-buttons tb_iyt2336 buttons-horizontal solid  circle\" data-lazy=\"1\">\n\t\t<div class=\"module-buttons-item tf_inline_b\">\n\t\t\t\t\t\t<a href=\"https:\/\/docs.google.com\/forms\/d\/e\/1FAIpQLSfWeFThnTyoyuVG35t8m7FOL4BccOAjrhgkG22epzL_MQ9VmA\/viewform\" class=\"ui builder_button green\" target=\"_blank\" rel=\"noopener\">\n\t\t\t\t\t\t\t\t<span class=\"tf_inline_b tf_vmiddle\">Participar en el reto - Plazo cerrado<\/span>\n\t\t\t\t\t\t\t\t\t\t\t\t<\/a>\n\t\t\t\t\t\t<\/div>\n\t\t\t<\/div>\n<!-- \/module buttons -->\n<!-- module buttons -->\n<div  class=\"module module-buttons tb_k1zm172 buttons-horizontal solid  circle\" data-lazy=\"1\">\n\t\t<div class=\"module-buttons-item tf_inline_b\">\n\t\t\t\t\t\t<a href=\"https:\/\/youtube.com\/playlist?list=PL_y5gWx3ldc5ZjobhjgeBg78-65LSXZis&#038;si=0Mkhcp8is_b0VQQk\" class=\"ui builder_button green\" target=\"_blank\" rel=\"noopener\">\n\t\t\t\t\t\t\t\t<span class=\"tf_inline_b tf_vmiddle\">Participants' Pitch Videos<\/span>\n\t\t\t\t\t\t\t\t\t\t\t\t<\/a>\n\t\t\t\t\t\t<\/div>\n\t\t\t<\/div>\n<!-- \/module buttons -->\n\t\t\t\t<\/div><!-- .tb-column-inner -->\n\t\t\t\t\t\t<\/div><!-- .module_column -->\n\t\t\t\t\t<div  data-lazy=\"1\" class=\"module_column tb-column col4-1 tb_dfpr740 last\">\n\t\t\t\t\t\t\t\t\t<div class=\"tb-column-inner tf_box tf_w\">\n\t\t\t\t<!-- module image -->\n<div  class=\"module module-image tb_kqk8105   image-right tf_mw\" data-lazy=\"1\">\n        <div class=\"image-wrap tf_rel tf_mw\">\n\t\t    <img loading=\"lazy\" decoding=\"async\" src=\"https:\/\/fashionedproject.eu\/wp-content\/uploads\/2024\/01\/Frame-27-6-232x244.png\" width=\"232\" height=\"244\" class=\"wp-post-image wp-image-901\" title=\"Frame 27 (6)\" alt=\"Frame 27 (6)\">\t\n\t\t<\/div>\n\t<!-- \/image-wrap -->\n    \n    \t<\/div>\n<!-- \/module image -->\t\t\t\t<\/div><!-- .tb-column-inner -->\n\t\t\t\t\t\t<\/div><!-- .module_column -->\n\t\t\t\t\t\t<\/div><!-- .row_inner -->\n\t\t<\/div><!-- .module_row -->\n\t\t\t\t\t\t\t\t<!-- module_row -->\n\t\t<div  data-css_id=\"f38e416\" data-lazy=\"1\" class=\"module_row themify_builder_row fullwidth tb_f38e416 tf_w tf_clearfix\">\n\t\t\t\t\t<div class=\"row_inner col_align_top tb_col_count_1 tf_box tf_rel\">\n\t\t\t\t\t<div  data-lazy=\"1\" class=\"module_column tb-column col-full tb_1pme416 first\">\n\t\t\t\t\t\t\t\t\t<div class=\"tb-column-inner tf_box tf_w\">\n\t\t\t\t<!-- module text -->\n<div  class=\"module module-text tb_7ec9417   \" data-lazy=\"1\">\n        <div  class=\"tb_text_wrap\">\n    <p>A continuaci\u00f3n encontrar\u00e1 material \u00fatil para la creaci\u00f3n de planes de negocio sostenibles, que se present\u00f3 durante la formaci\u00f3n impartida en Leeuwarden, Pa\u00edses Bajos.<\/p>\n<p><a href=\"https:\/\/fashionedproject.eu\/wp-content\/uploads\/2025\/04\/How-to-make-your-business-plan.pdf\" target=\"_blank\" rel=\"noopener\">C\u00f3mo elaborar tu Plan de Negocio<\/a><\/p>\n<p><a href=\"https:\/\/fashionedproject.eu\/wp-content\/uploads\/2025\/04\/Fashion.ED_How-to-pitch.pdf\">C\u00f3mo Presentar<\/a><\/p>\n<p><a href=\"https:\/\/fashionedproject.eu\/wp-content\/uploads\/2025\/04\/Value-Proposition-Canvas-Innovation.pdf\">Canvas de Propuesta de Valor<\/a><\/p>\n<p><a href=\"https:\/\/fashionedproject.eu\/wp-content\/uploads\/2025\/04\/SustainableBusinessModelCanvas.pdf\">Business Model Canvas Sostenible<\/a><\/p>\n<p><a href=\"https:\/\/fashionedproject.eu\/wp-content\/uploads\/2025\/04\/Fashion.-ED-Business-plan-start-to-think.pdf\">Plan de Negocio: Empezar a Pensar<\/a><\/p>\n<p><a href=\"https:\/\/fashionedproject.eu\/wp-content\/uploads\/2025\/04\/PITCH-CANVAS-ENGLISH-PP-scaled.jpg\">Canvas para Presentar<\/a><\/p>    <\/div>\n<\/div>\n<!-- \/module text -->\t\t\t\t<\/div><!-- .tb-column-inner -->\n\t\t\t\t\t\t<\/div><!-- .module_column -->\n\t\t\t\t\t\t<\/div><!-- .row_inner -->\n\t\t<\/div><!-- .module_row -->\n\t\t\t\t<\/div>\n<!--\/themify_builder_content-->","protected":false},"excerpt":{"rendered":"<p>El proyecto ha llevado a cabo un reto dirigido a j\u00f3venes con esp\u00edritu emprendedor, en el que han participado estudiantes de las instituciones socias que presentaron ideas innovadoras en ecodise\u00f1o textil. Los autores de las propuestas ganadoras recibieron una formaci\u00f3n espec\u00edfica en planes de negocio, orientada a desarrollar los conocimientos y habilidades necesarios para crear [&hellip;]<\/p>\n","protected":false},"author":1,"featured_media":0,"parent":0,"menu_order":0,"comment_status":"closed","ping_status":"closed","template":"","meta":{"footnotes":""},"class_list":["post-1257","page","type-page","status-publish","hentry","has-post-title","has-post-date","has-post-category","has-post-tag","has-post-comment","has-post-author",""],"builder_content":"<img src=\"https:\/\/fashionedproject.eu\/wp-content\/uploads\/2025\/12\/sp-2.png\" title=\"sp (2)\" alt=\"sp (2)\" srcset=\"https:\/\/fashionedproject.eu\/wp-content\/uploads\/2025\/12\/sp-2.png 1600w, https:\/\/fashionedproject.eu\/wp-content\/uploads\/2025\/12\/sp-2-300x65.png 300w, https:\/\/fashionedproject.eu\/wp-content\/uploads\/2025\/12\/sp-2-1024x220.png 1024w, https:\/\/fashionedproject.eu\/wp-content\/uploads\/2025\/12\/sp-2-768x165.png 768w, https:\/\/fashionedproject.eu\/wp-content\/uploads\/2025\/12\/sp-2-1536x330.png 1536w\" sizes=\"(max-width: 1600px) 100vw, 1600px\" \/>\n<p style=\"text-align: left;\">El proyecto ha llevado a cabo un reto dirigido a j\u00f3venes con esp\u00edritu emprendedor, en el que han participado estudiantes de las instituciones socias que presentaron ideas innovadoras en ecodise\u00f1o textil.<\/p> <p style=\"text-align: left;\">Los autores de las propuestas ganadoras recibieron una formaci\u00f3n espec\u00edfica en planes de negocio, orientada a desarrollar los conocimientos y habilidades necesarios para crear empresas de moda sostenibles y exitosas que integren principios de ecodise\u00f1o.<\/p> <p style=\"text-align: left;\">Gracias a esta formaci\u00f3n, los participantes completaron sus planes de negocio y presentaron sus proyectos finales.<\/p> <p style=\"text-align: left;\">Los proyectos ganadores del reto se dieron a conocer durante la Conferencia Final, celebrada el 16 de septiembre en Alcoy, y han recibido el apoyo personalizado para llevar sus ideas a la pr\u00e1ctica, contribuyendo as\u00ed a transformar propuestas innovadoras en negocios reales y sostenibles.<\/p> <p style=\"text-align: left;\"><strong>Bases del reto \u00a0<\/strong><a href=\"https:\/\/fashionedproject.eu\/wp-content\/uploads\/2024\/11\/Fashion.ED_WP4_Rules-of-the-Competition.pdf\" target=\"_blank\" rel=\"noopener\">Descargar PDF<\/a><\/p>\n<a href=\"https:\/\/docs.google.com\/forms\/d\/e\/1FAIpQLSfWeFThnTyoyuVG35t8m7FOL4BccOAjrhgkG22epzL_MQ9VmA\/viewform\" target=\"_blank\" rel=\"noopener\"> Participar en el reto - Plazo cerrado <\/a>\n<a href=\"https:\/\/youtube.com\/playlist?list=PL_y5gWx3ldc5ZjobhjgeBg78-65LSXZis&#038;si=0Mkhcp8is_b0VQQk\" target=\"_blank\" rel=\"noopener\"> Participants' Pitch Videos <\/a>\n<img src=\"https:\/\/fashionedproject.eu\/wp-content\/uploads\/2024\/01\/Frame-27-6-232x244.png\" width=\"232\" height=\"244\" title=\"Frame 27 (6)\" alt=\"Frame 27 (6)\">\n<p>A continuaci\u00f3n encontrar\u00e1 material \u00fatil para la creaci\u00f3n de planes de negocio sostenibles, que se present\u00f3 durante la formaci\u00f3n impartida en Leeuwarden, Pa\u00edses Bajos.<\/p> <p><a href=\"https:\/\/fashionedproject.eu\/wp-content\/uploads\/2025\/04\/How-to-make-your-business-plan.pdf\" target=\"_blank\" rel=\"noopener\">C\u00f3mo elaborar tu Plan de Negocio<\/a><\/p> <p><a href=\"https:\/\/fashionedproject.eu\/wp-content\/uploads\/2025\/04\/Fashion.ED_How-to-pitch.pdf\">C\u00f3mo Presentar<\/a><\/p> <p><a href=\"https:\/\/fashionedproject.eu\/wp-content\/uploads\/2025\/04\/Value-Proposition-Canvas-Innovation.pdf\">Canvas de Propuesta de Valor<\/a><\/p> <p><a href=\"https:\/\/fashionedproject.eu\/wp-content\/uploads\/2025\/04\/SustainableBusinessModelCanvas.pdf\">Business Model Canvas Sostenible<\/a><\/p> <p><a href=\"https:\/\/fashionedproject.eu\/wp-content\/uploads\/2025\/04\/Fashion.-ED-Business-plan-start-to-think.pdf\">Plan de Negocio: Empezar a Pensar<\/a><\/p> <p><a href=\"https:\/\/fashionedproject.eu\/wp-content\/uploads\/2025\/04\/PITCH-CANVAS-ENGLISH-PP-scaled.jpg\">Canvas para Presentar<\/a><\/p>","_links":{"self":[{"href":"https:\/\/fashionedproject.eu\/es\/wp-json\/wp\/v2\/pages\/1257","targetHints":{"allow":["GET"]}}],"collection":[{"href":"https:\/\/fashionedproject.eu\/es\/wp-json\/wp\/v2\/pages"}],"about":[{"href":"https:\/\/fashionedproject.eu\/es\/wp-json\/wp\/v2\/types\/page"}],"author":[{"embeddable":true,"href":"https:\/\/fashionedproject.eu\/es\/wp-json\/wp\/v2\/users\/1"}],"replies":[{"embeddable":true,"href":"https:\/\/fashionedproject.eu\/es\/wp-json\/wp\/v2\/comments?post=1257"}],"version-history":[{"count":18,"href":"https:\/\/fashionedproject.eu\/es\/wp-json\/wp\/v2\/pages\/1257\/revisions"}],"predecessor-version":[{"id":3855,"href":"https:\/\/fashionedproject.eu\/es\/wp-json\/wp\/v2\/pages\/1257\/revisions\/3855"}],"wp:attachment":[{"href":"https:\/\/fashionedproject.eu\/es\/wp-json\/wp\/v2\/media?parent=1257"}],"curies":[{"name":"wp","href":"https:\/\/api.w.org\/{rel}","templated":true}]}}

Reto de Ecodiseño

<!--themify_builder_content-->
<div id="themify_builder_content-1257" data-postid="1257" class="themify_builder_content themify_builder_content-1257 themify_builder tf_clear">
    				<!-- module_row -->
		<div  data-css_id="r5o6581" data-lazy="1" class="module_row themify_builder_row fullwidth tb_r5o6581 tb_first tf_w tf_clearfix">
					<div class="row_inner col_align_top tb_col_count_1 tf_box tf_rel">
					<div  data-lazy="1" class="module_column tb-column col-full tb_2zyd581 first">
									<div class="tb-column-inner tf_box tf_w">
				<!-- module image -->
<div  class="module module-image tb_l61b129   image-top auto_fullwidth tf_mw" data-lazy="1">
        <div class="image-wrap tf_rel tf_mw">
		    <img loading="lazy" decoding="async" width="1600" height="344" src="https://fashionedproject.eu/wp-content/uploads/2025/12/sp-2.png" class="wp-post-image wp-image-3838" title="sp (2)" alt="sp (2)" srcset="https://fashionedproject.eu/wp-content/uploads/2025/12/sp-2.png 1600w, https://fashionedproject.eu/wp-content/uploads/2025/12/sp-2-300x65.png 300w, https://fashionedproject.eu/wp-content/uploads/2025/12/sp-2-1024x220.png 1024w, https://fashionedproject.eu/wp-content/uploads/2025/12/sp-2-768x165.png 768w, https://fashionedproject.eu/wp-content/uploads/2025/12/sp-2-1536x330.png 1536w" sizes="auto, (max-width: 1600px) 100vw, 1600px" />	
		</div>
	<!-- /image-wrap -->
    
    	</div>
<!-- /module image -->				</div><!-- .tb-column-inner -->
						</div><!-- .module_column -->
						</div><!-- .row_inner -->
		</div><!-- .module_row -->
								<!-- module_row -->
		<div  data-css_id="4np2975" data-lazy="1" class="module_row themify_builder_row fullwidth tb_4np2975 tf_w tf_clearfix">
					<div class="row_inner col_align_top tb_col_count_2 tf_box tf_rel">
					<div  data-lazy="1" class="module_column tb-column col4-3 tb_y3f6975 first">
									<div class="tb-column-inner tf_box tf_w">
				<!-- module text -->
<div  class="module module-text tb_l7ya320   " data-lazy="1">
        <div  class="tb_text_wrap">
    <p style="text-align: left;">El proyecto ha llevado a cabo un reto dirigido a jóvenes con espíritu emprendedor, en el que han participado estudiantes de las instituciones socias que presentaron ideas innovadoras en ecodiseño textil.</p>
<p style="text-align: left;">Los autores de las propuestas ganadoras recibieron una formación específica en planes de negocio, orientada a desarrollar los conocimientos y habilidades necesarios para crear empresas de moda sostenibles y exitosas que integren principios de ecodiseño.</p>
<p style="text-align: left;">Gracias a esta formación, los participantes completaron sus planes de negocio y presentaron sus proyectos finales.</p>
<p style="text-align: left;">Los proyectos ganadores del reto se dieron a conocer durante la Conferencia Final, celebrada el 16 de septiembre en Alcoy, y han recibido el apoyo personalizado para llevar sus ideas a la práctica, contribuyendo así a transformar propuestas innovadoras en negocios reales y sostenibles.</p>
<p style="text-align: left;"><strong>Bases del reto  </strong><a href="https://fashionedproject.eu/wp-content/uploads/2024/11/Fashion.ED_WP4_Rules-of-the-Competition.pdf" target="_blank" rel="noopener">Descargar PDF</a></p>    </div>
</div>
<!-- /module text --><!-- module buttons -->
<div  class="module module-buttons tb_iyt2336 buttons-horizontal solid  circle" data-lazy="1">
		<div class="module-buttons-item tf_inline_b">
						<a href="https://docs.google.com/forms/d/e/1FAIpQLSfWeFThnTyoyuVG35t8m7FOL4BccOAjrhgkG22epzL_MQ9VmA/viewform" class="ui builder_button green" target="_blank" rel="noopener">
								<span class="tf_inline_b tf_vmiddle">Participar en el reto - Plazo cerrado</span>
												</a>
						</div>
			</div>
<!-- /module buttons -->
<!-- module buttons -->
<div  class="module module-buttons tb_k1zm172 buttons-horizontal solid  circle" data-lazy="1">
		<div class="module-buttons-item tf_inline_b">
						<a href="https://youtube.com/playlist?list=PL_y5gWx3ldc5ZjobhjgeBg78-65LSXZis&#038;si=0Mkhcp8is_b0VQQk" class="ui builder_button green" target="_blank" rel="noopener">
								<span class="tf_inline_b tf_vmiddle">Participants' Pitch Videos</span>
												</a>
						</div>
			</div>
<!-- /module buttons -->
				</div><!-- .tb-column-inner -->
						</div><!-- .module_column -->
					<div  data-lazy="1" class="module_column tb-column col4-1 tb_dfpr740 last">
									<div class="tb-column-inner tf_box tf_w">
				<!-- module image -->
<div  class="module module-image tb_kqk8105   image-right tf_mw" data-lazy="1">
        <div class="image-wrap tf_rel tf_mw">
		    <img loading="lazy" decoding="async" src="https://fashionedproject.eu/wp-content/uploads/2024/01/Frame-27-6-232x244.png" width="232" height="244" class="wp-post-image wp-image-901" title="Frame 27 (6)" alt="Frame 27 (6)">	
		</div>
	<!-- /image-wrap -->
    
    	</div>
<!-- /module image -->				</div><!-- .tb-column-inner -->
						</div><!-- .module_column -->
						</div><!-- .row_inner -->
		</div><!-- .module_row -->
								<!-- module_row -->
		<div  data-css_id="f38e416" data-lazy="1" class="module_row themify_builder_row fullwidth tb_f38e416 tf_w tf_clearfix">
					<div class="row_inner col_align_top tb_col_count_1 tf_box tf_rel">
					<div  data-lazy="1" class="module_column tb-column col-full tb_1pme416 first">
									<div class="tb-column-inner tf_box tf_w">
				<!-- module text -->
<div  class="module module-text tb_7ec9417   " data-lazy="1">
        <div  class="tb_text_wrap">
    <p>A continuación encontrará material útil para la creación de planes de negocio sostenibles, que se presentó durante la formación impartida en Leeuwarden, Países Bajos.</p>
<p><a href="https://fashionedproject.eu/wp-content/uploads/2025/04/How-to-make-your-business-plan.pdf" target="_blank" rel="noopener">Cómo elaborar tu Plan de Negocio</a></p>
<p><a href="https://fashionedproject.eu/wp-content/uploads/2025/04/Fashion.ED_How-to-pitch.pdf">Cómo Presentar</a></p>
<p><a href="https://fashionedproject.eu/wp-content/uploads/2025/04/Value-Proposition-Canvas-Innovation.pdf">Canvas de Propuesta de Valor</a></p>
<p><a href="https://fashionedproject.eu/wp-content/uploads/2025/04/SustainableBusinessModelCanvas.pdf">Business Model Canvas Sostenible</a></p>
<p><a href="https://fashionedproject.eu/wp-content/uploads/2025/04/Fashion.-ED-Business-plan-start-to-think.pdf">Plan de Negocio: Empezar a Pensar</a></p>
<p><a href="https://fashionedproject.eu/wp-content/uploads/2025/04/PITCH-CANVAS-ENGLISH-PP-scaled.jpg">Canvas para Presentar</a></p>    </div>
</div>
<!-- /module text -->				</div><!-- .tb-column-inner -->
						</div><!-- .module_column -->
						</div><!-- .row_inner -->
		</div><!-- .module_row -->
				</div>
<!--/themify_builder_content-->

<p>El proyecto ha llevado a cabo un reto dirigido a jóvenes con espíritu emprendedor, en el que han participado estudiantes de las instituciones socias que presentaron ideas innovadoras en ecodiseño textil. Los autores de las propuestas ganadoras recibieron una formación específica en planes de negocio, orientada a desarrollar los conocimientos y habilidades necesarios para crear [&hellip;]</p>

<img src="https://fashionedproject.eu/wp-content/uploads/2025/12/sp-2.png" title="sp (2)" alt="sp (2)" srcset="https://fashionedproject.eu/wp-content/uploads/2025/12/sp-2.png 1600w, https://fashionedproject.eu/wp-content/uploads/2025/12/sp-2-300x65.png 300w, https://fashionedproject.eu/wp-content/uploads/2025/12/sp-2-1024x220.png 1024w, https://fashionedproject.eu/wp-content/uploads/2025/12/sp-2-768x165.png 768w, https://fashionedproject.eu/wp-content/uploads/2025/12/sp-2-1536x330.png 1536w" sizes="(max-width: 1600px) 100vw, 1600px" />
<p style="text-align: left;">El proyecto ha llevado a cabo un reto dirigido a jóvenes con espíritu emprendedor, en el que han participado estudiantes de las instituciones socias que presentaron ideas innovadoras en ecodiseño textil.</p> <p style="text-align: left;">Los autores de las propuestas ganadoras recibieron una formación específica en planes de negocio, orientada a desarrollar los conocimientos y habilidades necesarios para crear empresas de moda sostenibles y exitosas que integren principios de ecodiseño.</p> <p style="text-align: left;">Gracias a esta formación, los participantes completaron sus planes de negocio y presentaron sus proyectos finales.</p> <p style="text-align: left;">Los proyectos ganadores del reto se dieron a conocer durante la Conferencia Final, celebrada el 16 de septiembre en Alcoy, y han recibido el apoyo personalizado para llevar sus ideas a la práctica, contribuyendo así a transformar propuestas innovadoras en negocios reales y sostenibles.</p> <p style="text-align: left;"><strong>Bases del reto  </strong><a href="https://fashionedproject.eu/wp-content/uploads/2024/11/Fashion.ED_WP4_Rules-of-the-Competition.pdf" target="_blank" rel="noopener">Descargar PDF</a></p>
<a href="https://docs.google.com/forms/d/e/1FAIpQLSfWeFThnTyoyuVG35t8m7FOL4BccOAjrhgkG22epzL_MQ9VmA/viewform" target="_blank" rel="noopener"> Participar en el reto - Plazo cerrado </a>
<a href="https://youtube.com/playlist?list=PL_y5gWx3ldc5ZjobhjgeBg78-65LSXZis&#038;si=0Mkhcp8is_b0VQQk" target="_blank" rel="noopener"> Participants' Pitch Videos </a>
<img src="https://fashionedproject.eu/wp-content/uploads/2024/01/Frame-27-6-232x244.png" width="232" height="244" title="Frame 27 (6)" alt="Frame 27 (6)">
<p>A continuación encontrará material útil para la creación de planes de negocio sostenibles, que se presentó durante la formación impartida en Leeuwarden, Países Bajos.</p> <p><a href="https://fashionedproject.eu/wp-content/uploads/2025/04/How-to-make-your-business-plan.pdf" target="_blank" rel="noopener">Cómo elaborar tu Plan de Negocio</a></p> <p><a href="https://fashionedproject.eu/wp-content/uploads/2025/04/Fashion.ED_How-to-pitch.pdf">Cómo Presentar</a></p> <p><a href="https://fashionedproject.eu/wp-content/uploads/2025/04/Value-Proposition-Canvas-Innovation.pdf">Canvas de Propuesta de Valor</a></p> <p><a href="https://fashionedproject.eu/wp-content/uploads/2025/04/SustainableBusinessModelCanvas.pdf">Business Model Canvas Sostenible</a></p> <p><a href="https://fashionedproject.eu/wp-content/uploads/2025/04/Fashion.-ED-Business-plan-start-to-think.pdf">Plan de Negocio: Empezar a Pensar</a></p> <p><a href="https://fashionedproject.eu/wp-content/uploads/2025/04/PITCH-CANVAS-ENGLISH-PP-scaled.jpg">Canvas para Presentar</a></p>
